= -n**2 + 11*n + 7. What is k(13)?
-19
Let c(z) = 7*z**2 - 11. Give c(0).
-11
Let i(a) = -a**3 + 27*a**2 - 2*a + 65. Calculate i(27).
11
Let b(y) = -22*y + 4. What is b(-9)?
202
Let s(z) = -4*z + 16. Determine s(-11).
60
Let i(x) = -x**2 - 8*x + 282. Determine i(13).
9
Let m(p) = 4*p**3 - 16*p**2 - 5*p + 14. Give m(4).
-6
Let n(x) = -x**3 - 19*x**2 + 16*x - 30. Give n(-20).
50
Let v(q) = -q**3 + 12*q**2 - 13*q + 13. What is v(11)?
-9
Let n(w) = -3*w + 27. Calculate n(12).
-9
Let f(j) = 24*j + 208. Determine f(-9).
-8
Let f(h) = 3*h + 131. What is f(-48)?
-13
Let p(l) = 14*l + 85. Calculate p(-7).
-13
Let u(j) = 41*j + 3. Give u(2).
85
Let l(z) = 3*z + 39. Determine l(-12).
3
Let s(a) = 8*a**2 - 3*a + 10. What is s(-3)?
91
Let a(l) = l - 6. Determine a(-11).
-17
Let y(d) = -d**3 - 5*d**2 + 9*d + 14. What is y(-6)?
-4
Let f(b) = -b**2 + 12*b - 53. Determine f(10).
-33
Let r(u) = 18*u**2 + 3*u - 2. Calculate r(-1).
13
Let g(v) = v**3 - 11*v**2 + 17*v + 10. What is g(9)?
1
Let u(j) = j**2 + 26*j + 165. Determine u(-15).
0
Let n(m) = -m**3 - 14*m**2 - 6*m - 13. What is n(-14)?
71
Let h(b) = b**2 + 10*b + 8. Give h(-9).
-1
Let g(l) = l**3 + 25*l**2 + 2. Give g(-25).
2
Let t(l) = 18*l + 376. Give t(-21).
-2
Let b(m) = -668*m + 4013. Calculate b(6).
5
Let y(j) = j**2 + 7*j + 2. Calculate y(-6).
-4
Let p(r) = -r**3 - 11*r**2 + 11*r - 9. What is p(-12)?
3
Let q(l) = l + 39. Calculate q(0).
39
Let h(z) = z + 1. Give h(0).
1
Let g(l) = l**2 + 8*l - 10. What is g(-11)?
23
Let p(l) = 2*l**3 - l**2 - 6*l - 7. What is p(-3)?
-52
Let t(c) = -c**3 + 6*c**2 - 6. Determine t(5).
19
Let k(m) = -m**2 - 27*m + 37. Determine k(-28).
9
Let t(d) = d**2 + 14*d + 18. Give t(-12).
-6
Let n(m) = m**2 - 4*m - 3. Calculate n(6).
9
Let u(y) = y**2 + 4*y - 17. Calculate u(-6).
-5
Let b(l) = 6*l + 8. Calculate b(-4).
-16
Let c(j) = -120*j**3 + 2*j - 2. Determine c(1).
-120
Let a(p) = 11*p**2 + 8*p - 8. What is a(1)?
11
Let y(f) = -f**3 - 8*f**2 - f - 9. Determine y(-6).
-75
Let w(s) = -5*s + 6. Calculate w(-4).
26
Let u(w) = -3*w + 23. What is u(9)?
-4
Let n(v) = v**2 - 4*v - 6. What is n(3)?
-9
Let j(f) = -f**3 - 18*f**2 - 20*f - 25. What is j(-17)?
26
Let d(v) = -v**2 - 3*v - 2. Calculate d(-2).
0
Let k(j) = j**2 - 2*j + 16. Calculate k(0).
16
Let h(i) = -2*i**3 - 13*i**2 - 6*i - 5. Give h(-6).
-5
Let z(a) = -2*a**3 + 8*a**2 + a - 9. Determine z(3).
12
Let m(k) = -k**3 - k**2 + 2*k + 7. Calculate m(-5).
97
Let h(b) = -11*b + 257. Give h(23).
4
Let d(i) = i**3 - 2*i**2 - 191*i + 384. Give d(2).
2
Let g(i) = i**3 - 7*i**2 + 3*i + 31. Determine g(6).
13
Let n(r) = -11*r - 257. What is n(-23)?
-4
Let d(h) = 49*h - 7. What is d(-2)?
-105
Let r(h) = h**2 - 3*h - 8. What is r(4)?
-4
Let q(g) = g**3 + 3*g**2 - 3*g + 11. Determine q(0).
11
Let t(m) = -m**3 + m**2 - m + 8. Give t(0).
8
Let v(c) = -2*c**2 + 2*c + 2. Give v(2).
-2
Let h(i) = i - 18. Determine h(6).
-12
Let o(i) = -i**3 - 11*i**2 - 2*i - 18. Determine o(-11).
4
Let m(j) = -3*j - 6. What is m(-22)?
60
Let v(z) = -z**3 + 9*z**2 - 7*z + 64. Give v(9).
1
Let h(u) = 4*u - 28. Give h(6).
-4
Let m(d) = -9*d + 22. What is m(4)?
-14
Let n(g) = -49*g + 835. Determine n(17).
2
Let x(w) = -w**3 - 3*w**2 - 2*w. What is x(-3)?
6
Let i(h) = -3*h**3 + 17*h**2 + 4*h + 5. Calculate i(6).
-7
Let g(k) = k**3 + k**2 - k + 7. Determine g(3).
40
Let q(u) = -3*u - 28. Give q(-9).
-1
Let b(a) = -8*a + 13. What is b(8)?
-51
Let v(p) = -p + 3. Give v(1).
2
Let n(p) = -p**3 - 5*p**2 + 3*p + 1. Give n(-5).
-14
Let s(p) = -6*p**3 + 2*p**2 - 4*p + 9. What is s(3)?
-147
Let i(q) = -q**2 + 2*q + 8. What is i(8)?
-40
Let a(m) = m**2 - 10*m + 16. Determine a(6).
-8
Let z(n) = -n**3 - 3*n**2 - 2*n + 1. Give z(-3).
7
Let l(i) = 2*i - 17. Give l(6).
-5
Let b(q) = 5*q - 56. Calculate b(23).
59
Let j(d) = -d**2 - 2*d + 17. What is j(-5)?
2
Let t(q) = -q**3 + 16*q**2 - 17*q + 25. Calculate t(15).
-5
Let j(h) = 4*h + 7. Calculate j(3).
19
Let n(u) = 2*u**2 + u - 3. Give n(2).
7
Let o(n) = n**2 - 4*n - 3. Determine o(10).
57
Let r(b) = b**2 - 6*b + 15. What is r(4)?
7
Let c(v) = -v**3 + 2*v**2 + 16*v - 34. Calculate c(3).
5
Let d(k) = -k**3 + 6*k**2 + 38*k - 86. Calculate d(2).
6
Let j(b) = 2*b + 9. Calculate j(-5).
-1
Let d(y) = -9*y + 19. Give d(2).
1
Let a(l) = 3*l**2 - 44*l - 14. Give a(15).
1
Let d(i) = -i**2 + 6*i + 20. Calculate d(8).
4
Let h(f) = -2*f - 40. Determine h(-19).
-2
Let d(a) = 6*a**2 + 6*a - 29. Give d(5).
151
Let n(i) = -3*i**3 - 2*i**2 - 2*i + 2. Determine n(-2).
22
Let t(x) = -x - 12. Determine t(14).
-26
Let q(y) = 7*y + 78. Calculate q(-16).
-34
Let b(s) = s - 18. Give b(-7).
-25
Let c(r) = -6*r + 3. Calculate c(2).
-9
Let c(x) = -x**2 + 23*x + 46. Calculate c(25).
-4
Let i(d) = -d**3 + 17*d**2 + 4*d - 63. Calculate i(17).
5
Let o(p) = -2*p**2 + 22*p + 21. Calculate o(12).
-3
Let g(f) = f**3 + 16*f**2 + 15*f + 30. Calculate g(-15).
30
Let r(z) = z**3 - z**2 - 3*z - 1. Give r(-2).
-7
Let p(h) = 9*h**3 + h**2 + h - 2. Calculate p(1).
9
Let b(h) = h**2 - h - 5. Give b(-6).
37
Let m(b) = b**2 + 7*b - 7. Give m(-8).
1
Let z(d) = -d - 44. Determine z(-11).
-33
Let c(r) = 26*r - 204. Determine c(8).
4
Let w(m) = m - 2. Give w(0).
-2
Let a(t) = -t**3 - 3*t**2 + 5*t - 2. Give a(-5).
23
Let q(c) = c**2 + 32*c + 56. Calculate q(-2).
-4
Let w(h) = -h**2 - 7*h + 11. Determine w(-10).
-19
Let n(a) = a**2 + 13*a + 51. Calculate n(-9).
15
Let l(d) = -10*d - 3. What is l(-4)?
37
Let l(j) = 6*j + 7. Give l(5).
37
Let r(l) = -l - 12. Give r(3).
-15
Let y(r) = -15*r + 1. Calculate y(-1).
16
Let f(c) = -c**3 + 6*c**2 + 11*c + 4. Determine f(8).
-36
Let d(u) = -2*u - 23. Give d(-19).
15
Let p(n) = -2*n + 25. Calculate p(8).
9
Let v(y) = 2*y**3 + 10*y**2 + 8*y - 1. Determine v(-4).
-1
Let z(q) = -3*q - 32. What is z(-6)?
-14
Let x(t) = -t**3 - 8*t**2 - 10*t + 10. Determine x(-6).
-2
Let k(g) = -g**3 - 12*g**2 - 11*g - 6. Calculate k(-11).
-6
Let t(w) = w**3 - w**2 - 8*w - 5. Calculate t(4).
11
Let k(v) = v + 21. Determine k(-18).
3
Let g(h) = 6*h - 17. Give g(3).
1
Let n(p) = -15*p - 3. Determine n(-2).
27
Let j(b) = -b**2 - 16*b - 3. Calculate j(-13).
36
Let y(o) = -o**3 - 8*o**2 - 14*o - 44. Determine y(-7).
5
Let h(r) = -3*r - 4. Calculate h(5).
-19
Let f(r) = -r**3 - 11*r**2 - 11*r - 22. What is f(-10)?
-12
Let z(x) = -x**2 - 11*x - 12. Calculate z(-4).
16
Let w(d) = 10*d**3 + 2*d - 2. Calculate w(1).
10
Let v(y) = -y - 6. What is v(5)?
-11
Let f(s) = -2*s**3 + 27*s**2 - 9*s - 11. What is f(13)?
41
Let m(o) = 2*o**3 - 14*o. Determine m(0).
0
Let v(u) = -17*u + 75. Determine v(4).
7
Let n(h) = 2*h - 1. Calculate n(0).
-1
Let z(u) = u**2 - 6*u - 3. Give z(5).
-8
Let t(n) = n**3 - n**2 - 3*n + 3. Determine t(-3).
-24
Let y(q) = 42*q + 55. Give y(-3).
-71
Let i(w) = 2*w**2 + 4*w + 4. Calculate i(4).
52
Let r(d) = -d + 10. Determine r(4).
6
Let r(c) = c**3 + 25*c**2 + 2*c + 58. Calculate r(-25).
8
Let b(n) = -2*n**3 - 5*n**2 + n + 4. Calculate b(-4).
48
Let i(r) = r**3 - 6*r**2 - 2*r - 6. Calculate i(6).
-18
Let q(w) = -31*w**2 - 3*w + 2. What is q(1)?
-32
Let v(a) = a**2 - 15*a + 44. Determine v(14).
30
Let w(j) = -j**3 + 21*j**2 - 3*j + 23. Calculate w(21).
-40
Let v(a) = -2*a**2 + a - 3. Give v(-3).
-24
Let c(d) = d**3 - 2*d**2 + 5*d - 38. Determine c(4).
14
Let l(h) = h**2 - 8*h + 5. Give l(8).
5
Let o(y) = y**3 + 7*y**2 + 8*y + 11. Calculate o(-4).
27
Let w(f) = f**2 + 13*f - 330. Give w(-26).
8
Let z(y) = y**2 - 3*y + 4. What is z(8)?
44
Let l(c) = c**3 + 9*c**2 + 7*c - 2. Determine l(-6).
64
Let a(i) = -i**3 + 12*i**2 + 15*i - 26. Give a(13).
0
Let j(h) = -h**2 - 8*h - 19. What is j(-7)?
-12
Let s(m) = -5*m**3 + 28*m**2 + m - 10. Give s(6).
-76
Let h(j) = -j**3 - 6*j**2 + 2*j + 9. Give h(-6).
-3
Let j(q) = q**2 - 7*q - 16. Calculate j(16).
128
Let w(a) = 3*a + 54. Give w(-15).
9
Let z(q) = q**3 - 12*q**2 - 11*q - 14. Give z(13).
12
Let t(z) = 5*z**3 - 270*z**2 + 2*z - 113. What is t(54)?
-5
Let v(k) = 12*k**2 - 3*k - 4. What is v(-1)?
11
Let i(f) = -5*f**2 - 135*f - 7. Determine i(-27).
-7
Let k(g) = 5*g + 58. Determine k(-11).
3
Let m(j) = 3*j - 22. What is m(-17)?
-73
Let t(p) = 9*p + 12. Calculate t(-5).
-33
Let j(t) = -2*t + 18. Calculate j(8).
2
Let q(y) = y**2 + 8*y + 11. Give q(-9).
20
Let o(u) = -u**3 + 2*u**2 + 4*u - 4. Calculate o(4).
-20
Le